{"id":16,"date":"2012-09-16T16:28:34","date_gmt":"2012-09-16T15:28:34","guid":{"rendered":"http:\/\/88.190.237.246\/taxisbayeux\/?page_id=16"},"modified":"2025-01-14T15:42:53","modified_gmt":"2025-01-14T14:42:53","slug":"tap","status":"publish","type":"page","link":"https:\/\/taxisbayeux.com\/?page_id=16","title":{"rendered":"TAP"},"content":{"rendered":"<h1 style=\"text-align: center;\">Transport Malade Assis Professionnalis\u00e9 T.A.P<\/h1>\n<p><a href=\"http:\/\/taxisbayeux.com\/wp-content\/uploads\/2012\/09\/tapc.jpg\"><img loading=\"lazy\" decoding=\"async\" class=\"aligncenter size-full wp-image-39\" title=\"tapc\" src=\"http:\/\/taxisbayeux.com\/wp-content\/uploads\/2012\/09\/tapc.jpg\" alt=\"\" width=\"421\" height=\"198\" \/><\/a><\/p>\n<p>Conventionn\u00e9 par les organismes sociaux, nous sommes habilit\u00e9s \u00e0 transporter des malades assis, sur pr\u00e9sentation d&rsquo;une prescription m\u00e9dicale.<\/p>\n<p>Dans quels cas avez-vous droit au remboursement du transport assis ?<\/p>\n<p>&#8211; Pour des hospitalisations (entr\u00e9e et sortie) prise en charge \u00e0 55 % et compl\u00e9ment mutuelle<br \/>\n&#8211; Pour des transports en s\u00e9rie* (au moins 4 transports de plus de 50 km sur deux mois pour un m\u00eame traitement.<br \/>\n&#8211; Pour un traitement en rapport avec une affection de longue dur\u00e9e prise en charge \u00e0 100 %<br \/>\n&#8211; Pour les transports de plus de 150 km *<br \/>\n&#8211; Pour les accidents de travail ou maladies professionnelles<\/p>\n<p><em>* accord pr\u00e9alable de votre organisme de sant\u00e9<\/em><\/p>\n<p>Renseignement sur la prise en charge des frais de transports via votre assurance maladie.<\/p>\n","protected":false},"excerpt":{"rendered":"<p>Transport Malade Assis Professionnalis\u00e9 T.A.P Conventionn\u00e9 par les organismes sociaux, nous sommes habilit\u00e9s \u00e0 transporter des malades assis, sur pr\u00e9sentation d&rsquo;une prescription m\u00e9dicale. Dans quels cas avez-vous droit au remboursement du transport assis ? &#8211; Pour des hospitalisations (entr\u00e9e et &hellip;<\/p>\n<p class=\"read-more\"> <a class=\"more-link\" href=\"https:\/\/taxisbayeux.com\/?page_id=16\"> <span class=\"screen-reader-text\">TAP<\/span> Read More &raquo;<\/a><\/p>\n","protected":false},"author":1,"featured_media":0,"parent":0,"menu_order":0,"comment_status":"closed","ping_status":"closed","template":"full-width-page.php","meta":{"footnotes":""},"class_list":["post-16","page","type-page","status-publish","hentry"],"_links":{"self":[{"href":"https:\/\/taxisbayeux.com\/index.php?rest_route=\/wp\/v2\/pages\/16","targetHints":{"allow":["GET"]}}],"collection":[{"href":"https:\/\/taxisbayeux.com\/index.php?rest_route=\/wp\/v2\/pages"}],"about":[{"href":"https:\/\/taxisbayeux.com\/index.php?rest_route=\/wp\/v2\/types\/page"}],"author":[{"embeddable":true,"href":"https:\/\/taxisbayeux.com\/index.php?rest_route=\/wp\/v2\/users\/1"}],"replies":[{"embeddable":true,"href":"https:\/\/taxisbayeux.com\/index.php?rest_route=%2Fwp%2Fv2%2Fcomments&post=16"}],"version-history":[{"count":3,"href":"https:\/\/taxisbayeux.com\/index.php?rest_route=\/wp\/v2\/pages\/16\/revisions"}],"predecessor-version":[{"id":226,"href":"https:\/\/taxisbayeux.com\/index.php?rest_route=\/wp\/v2\/pages\/16\/revisions\/226"}],"wp:attachment":[{"href":"https:\/\/taxisbayeux.com\/index.php?rest_route=%2Fwp%2Fv2%2Fmedia&parent=16"}],"curies":[{"name":"wp","href":"https:\/\/api.w.org\/{rel}","templated":true}]}}